{"id":106,"date":"2023-02-27T11:34:39","date_gmt":"2023-02-27T09:34:39","guid":{"rendered":"https:\/\/metsauhistu.ee\/uuemetsaistutamine\/?page_id=106"},"modified":"2023-08-16T19:02:36","modified_gmt":"2023-08-16T16:02:36","slug":"puuliigid","status":"publish","type":"page","link":"https:\/\/metsauhistu.ee\/uuemetsaistutamine\/puuliigid\/","title":{"rendered":"Puuliigid ja istutamine"},"content":{"rendered":"<div class=\"lazyblock-highlighted-text-Z1oQifA wp-block-lazyblock-highlighted-text\">\n<section class=\"highlighted-text highlighted-text--small-padding highlighted-text--no-margin\">\n\t<div class=\"l-container\">\n\t\t<div class=\"highlighted-text__content\">\n\t\t\t<h2>Puuliigid ja istutamine<\/h2>\n<p>Uue metsa rajamiseks on erinevaid v\u00f5imalusi ning esmaselt l\u00e4htutakse kasvukoha tingimustest ning ka maaomaniku soovist. \u00dcheks sobilikumaks v\u00f5imaluseks on hinnatud metsastamist arukasega[1]. Lehtpuud on \u00fcldse juurem\u00e4danike suhtes okaspuudest kindlamad ning noores eas ka kiiremakasvulisemad. Arukask on valgusn\u00f5udlik puuliik, kasvades peamiselt esimeses rindes. Kliima suhtes on arukask v\u00e4hen\u00f5udlik ja k\u00fclmakindel. Samas on kase puit kasutatav v\u00e4ga laia spektriga toodete tegemisel.<br \/><br \/>Kuna valdavalt on metsastatavatel aladel tugev rohukasv, siis kasutatakse ennek\u00f5ike suuremaid istikuid (0,5 m ja suuremad), et tagada nendele kasvueelis rohttaimede ees ning lihtsustada esimeste aastate hooldust\u00f6id. Ennek\u00f5ike eelistatakse avajuurseid istikuid, v\u00e4hem potitaimi. Istutusmaterjali algmaterjali p\u00e4ritolu on Eesti. Puid istutatakse s\u00f5ltuvalt puuliigist ja istutusmaterjali omadustest 1200-1800 tk hektari maa kohta.<\/p>\n<p>\u00a0<\/p>\n<p><em><span class=\"attrlink url author-d-iz88z86z86za0dz67zz78zz78zz74zz68zjz80zz71z9iz90z8gz90zz85zz67zz83zz79zz75z2hotz89zkesz76zz86zbkz88zz69zkz71zfgcz79za08\">[1]<\/span><span class=\" author-d-iz88z86z86za0dz67zz78zz78zz74zz68zjz80zz71z9iz90z8gz90zz85zz67zz83zz79zz75z2hotz89zkesz76zz86zbkz88zz69zkz71zfgcz79za08\"> Lutter, Reimo. 2013. Noorte kaasikute kasvuk\u00e4ik endisel p\u00f5llumajandusmaal. Eesti Maa\u00fclikooli magistrit\u00f6\u00f6, 119 lk.<\/span><\/em><\/p>\t\t<\/div>\n\t\t\t\t\t<div class=\"highlighted-text__image\" data-sal=\"slide-left\" data-sal-delay=\"50\"><img decoding=\"async\" src=\"https:\/\/metsauhistu.ee\/uuemetsaistutamine\/wp-content\/uploads\/2023\/05\/uue-metsa-istutamine-metstaimed-kask-metsauhistu.jpg\" alt=\"\"><\/div>\n\t\t\t<\/div>\n<\/section>\n<\/div>","protected":false},"excerpt":{"rendered":"","protected":false},"author":1,"featured_media":0,"parent":0,"menu_order":0,"comment_status":"closed","ping_status":"closed","template":"","meta":{"_acf_changed":false,"footnotes":""},"class_list":["post-106","page","type-page","status-publish","hentry"],"acf":[],"yoast_head":"<!-- This site is optimized with the Yoast SEO plugin v26.1.1 - https:\/\/yoast.com\/wordpress\/plugins\/seo\/ -->\n<title>Puuliigid ja istutamine - Rajame koos uut metsa - Metsa\u00fchistu<\/title>\n<meta name=\"description\" content=\"Uue metsa istutamisel l\u00e4htutakse eelk\u00f5ige kasvukoha tingimustest ja maaomaniku soovist. \u00dcks eelistatuim puuliik on arukask.\" \/>\n<meta name=\"robots\" content=\"index, follow, max-snippet:-1, max-image-preview:large, max-video-preview:-1\" \/>\n<link rel=\"canonical\" href=\"https:\/\/metsauhistu.ee\/uuemetsaistutamine\/puuliigid\/\" \/>\n<meta property=\"og:locale\" content=\"et_EE\" \/>\n<meta property=\"og:type\" content=\"article\" \/>\n<meta property=\"og:title\" content=\"Puuliigid ja istutamine - Rajame koos uut metsa - Metsa\u00fchistu\" \/>\n<meta property=\"og:description\" content=\"Uue metsa istutamisel l\u00e4htutakse eelk\u00f5ige kasvukoha tingimustest ja maaomaniku soovist. \u00dcks eelistatuim puuliik on arukask.\" \/>\n<meta property=\"og:url\" content=\"https:\/\/metsauhistu.ee\/uuemetsaistutamine\/puuliigid\/\" \/>\n<meta property=\"og:site_name\" content=\"Metsa\u00fchistu\" \/>\n<meta property=\"article:publisher\" content=\"https:\/\/www.facebook.com\/metsauhistu\" \/>\n<meta property=\"article:modified_time\" content=\"2023-08-16T16:02:36+00:00\" \/>\n<meta name=\"twitter:card\" content=\"summary_large_image\" \/>\n<script type=\"application\/ld+json\" class=\"yoast-schema-graph\">{\"@context\":\"https:\/\/schema.org\",\"@graph\":[{\"@type\":\"WebPage\",\"@id\":\"https:\/\/metsauhistu.ee\/uuemetsaistutamine\/puuliigid\/\",\"url\":\"https:\/\/metsauhistu.ee\/uuemetsaistutamine\/puuliigid\/\",\"name\":\"Puuliigid ja istutamine - Rajame koos uut metsa - Metsa\u00fchistu\",\"isPartOf\":{\"@id\":\"https:\/\/metsauhistu.ee\/uuemetsaistutamine\/#website\"},\"datePublished\":\"2023-02-27T09:34:39+00:00\",\"dateModified\":\"2023-08-16T16:02:36+00:00\",\"description\":\"Uue metsa istutamisel l\u00e4htutakse eelk\u00f5ige kasvukoha tingimustest ja maaomaniku soovist. \u00dcks eelistatuim puuliik on arukask.\",\"breadcrumb\":{\"@id\":\"https:\/\/metsauhistu.ee\/uuemetsaistutamine\/puuliigid\/#breadcrumb\"},\"inLanguage\":\"et\",\"potentialAction\":[{\"@type\":\"ReadAction\",\"target\":[\"https:\/\/metsauhistu.ee\/uuemetsaistutamine\/puuliigid\/\"]}]},{\"@type\":\"BreadcrumbList\",\"@id\":\"https:\/\/metsauhistu.ee\/uuemetsaistutamine\/puuliigid\/#breadcrumb\",\"itemListElement\":[{\"@type\":\"ListItem\",\"position\":1,\"name\":\"Home\",\"item\":\"https:\/\/metsauhistu.ee\/uuemetsaistutamine\/\"},{\"@type\":\"ListItem\",\"position\":2,\"name\":\"Puuliigid ja istutamine\"}]},{\"@type\":\"WebSite\",\"@id\":\"https:\/\/metsauhistu.ee\/uuemetsaistutamine\/#website\",\"url\":\"https:\/\/metsauhistu.ee\/uuemetsaistutamine\/\",\"name\":\"Metsa\u00fchistu - Uue metsa istutamine\",\"description\":\"\",\"publisher\":{\"@id\":\"https:\/\/metsauhistu.ee\/uuemetsaistutamine\/#organization\"},\"potentialAction\":[{\"@type\":\"SearchAction\",\"target\":{\"@type\":\"EntryPoint\",\"urlTemplate\":\"https:\/\/metsauhistu.ee\/uuemetsaistutamine\/?s={search_term_string}\"},\"query-input\":{\"@type\":\"PropertyValueSpecification\",\"valueRequired\":true,\"valueName\":\"search_term_string\"}}],\"inLanguage\":\"et\"},{\"@type\":\"Organization\",\"@id\":\"https:\/\/metsauhistu.ee\/uuemetsaistutamine\/#organization\",\"name\":\"Metsa\u00fchistu - Uue metsa istutamine\",\"url\":\"https:\/\/metsauhistu.ee\/uuemetsaistutamine\/\",\"logo\":{\"@type\":\"ImageObject\",\"inLanguage\":\"et\",\"@id\":\"https:\/\/metsauhistu.ee\/uuemetsaistutamine\/#\/schema\/logo\/image\/\",\"url\":\"https:\/\/metsauhistu.ee\/uuemetsaistutamine\/wp-content\/uploads\/2023\/06\/mainlogo.svg\",\"contentUrl\":\"https:\/\/metsauhistu.ee\/uuemetsaistutamine\/wp-content\/uploads\/2023\/06\/mainlogo.svg\",\"width\":310,\"height\":56,\"caption\":\"Metsa\u00fchistu - Uue metsa istutamine\"},\"image\":{\"@id\":\"https:\/\/metsauhistu.ee\/uuemetsaistutamine\/#\/schema\/logo\/image\/\"},\"sameAs\":[\"https:\/\/www.facebook.com\/metsauhistu\",\"https:\/\/www.instagram.com\/metsauhistu\/\",\"https:\/\/www.youtube.com\/channel\/UC79u-jCtX562JWnRxFR26Tw\"]}]}<\/script>\n<!-- \/ Yoast SEO plugin. -->","yoast_head_json":{"title":"Puuliigid ja istutamine - Rajame koos uut metsa - Metsa\u00fchistu","description":"Uue metsa istutamisel l\u00e4htutakse eelk\u00f5ige kasvukoha tingimustest ja maaomaniku soovist. \u00dcks eelistatuim puuliik on arukask.","robots":{"index":"index","follow":"follow","max-snippet":"max-snippet:-1","max-image-preview":"max-image-preview:large","max-video-preview":"max-video-preview:-1"},"canonical":"https:\/\/metsauhistu.ee\/uuemetsaistutamine\/puuliigid\/","og_locale":"et_EE","og_type":"article","og_title":"Puuliigid ja istutamine - Rajame koos uut metsa - Metsa\u00fchistu","og_description":"Uue metsa istutamisel l\u00e4htutakse eelk\u00f5ige kasvukoha tingimustest ja maaomaniku soovist. \u00dcks eelistatuim puuliik on arukask.","og_url":"https:\/\/metsauhistu.ee\/uuemetsaistutamine\/puuliigid\/","og_site_name":"Metsa\u00fchistu","article_publisher":"https:\/\/www.facebook.com\/metsauhistu","article_modified_time":"2023-08-16T16:02:36+00:00","twitter_card":"summary_large_image","schema":{"@context":"https:\/\/schema.org","@graph":[{"@type":"WebPage","@id":"https:\/\/metsauhistu.ee\/uuemetsaistutamine\/puuliigid\/","url":"https:\/\/metsauhistu.ee\/uuemetsaistutamine\/puuliigid\/","name":"Puuliigid ja istutamine - Rajame koos uut metsa - Metsa\u00fchistu","isPartOf":{"@id":"https:\/\/metsauhistu.ee\/uuemetsaistutamine\/#website"},"datePublished":"2023-02-27T09:34:39+00:00","dateModified":"2023-08-16T16:02:36+00:00","description":"Uue metsa istutamisel l\u00e4htutakse eelk\u00f5ige kasvukoha tingimustest ja maaomaniku soovist. \u00dcks eelistatuim puuliik on arukask.","breadcrumb":{"@id":"https:\/\/metsauhistu.ee\/uuemetsaistutamine\/puuliigid\/#breadcrumb"},"inLanguage":"et","potentialAction":[{"@type":"ReadAction","target":["https:\/\/metsauhistu.ee\/uuemetsaistutamine\/puuliigid\/"]}]},{"@type":"BreadcrumbList","@id":"https:\/\/metsauhistu.ee\/uuemetsaistutamine\/puuliigid\/#breadcrumb","itemListElement":[{"@type":"ListItem","position":1,"name":"Home","item":"https:\/\/metsauhistu.ee\/uuemetsaistutamine\/"},{"@type":"ListItem","position":2,"name":"Puuliigid ja istutamine"}]},{"@type":"WebSite","@id":"https:\/\/metsauhistu.ee\/uuemetsaistutamine\/#website","url":"https:\/\/metsauhistu.ee\/uuemetsaistutamine\/","name":"Metsa\u00fchistu - Uue metsa istutamine","description":"","publisher":{"@id":"https:\/\/metsauhistu.ee\/uuemetsaistutamine\/#organization"},"potentialAction":[{"@type":"SearchAction","target":{"@type":"EntryPoint","urlTemplate":"https:\/\/metsauhistu.ee\/uuemetsaistutamine\/?s={search_term_string}"},"query-input":{"@type":"PropertyValueSpecification","valueRequired":true,"valueName":"search_term_string"}}],"inLanguage":"et"},{"@type":"Organization","@id":"https:\/\/metsauhistu.ee\/uuemetsaistutamine\/#organization","name":"Metsa\u00fchistu - Uue metsa istutamine","url":"https:\/\/metsauhistu.ee\/uuemetsaistutamine\/","logo":{"@type":"ImageObject","inLanguage":"et","@id":"https:\/\/metsauhistu.ee\/uuemetsaistutamine\/#\/schema\/logo\/image\/","url":"https:\/\/metsauhistu.ee\/uuemetsaistutamine\/wp-content\/uploads\/2023\/06\/mainlogo.svg","contentUrl":"https:\/\/metsauhistu.ee\/uuemetsaistutamine\/wp-content\/uploads\/2023\/06\/mainlogo.svg","width":310,"height":56,"caption":"Metsa\u00fchistu - Uue metsa istutamine"},"image":{"@id":"https:\/\/metsauhistu.ee\/uuemetsaistutamine\/#\/schema\/logo\/image\/"},"sameAs":["https:\/\/www.facebook.com\/metsauhistu","https:\/\/www.instagram.com\/metsauhistu\/","https:\/\/www.youtube.com\/channel\/UC79u-jCtX562JWnRxFR26Tw"]}]}},"_links":{"self":[{"href":"https:\/\/metsauhistu.ee\/uuemetsaistutamine\/wp-json\/wp\/v2\/pages\/106","targetHints":{"allow":["GET"]}}],"collection":[{"href":"https:\/\/metsauhistu.ee\/uuemetsaistutamine\/wp-json\/wp\/v2\/pages"}],"about":[{"href":"https:\/\/metsauhistu.ee\/uuemetsaistutamine\/wp-json\/wp\/v2\/types\/page"}],"author":[{"embeddable":true,"href":"https:\/\/metsauhistu.ee\/uuemetsaistutamine\/wp-json\/wp\/v2\/users\/1"}],"replies":[{"embeddable":true,"href":"https:\/\/metsauhistu.ee\/uuemetsaistutamine\/wp-json\/wp\/v2\/comments?post=106"}],"version-history":[{"count":6,"href":"https:\/\/metsauhistu.ee\/uuemetsaistutamine\/wp-json\/wp\/v2\/pages\/106\/revisions"}],"predecessor-version":[{"id":425,"href":"https:\/\/metsauhistu.ee\/uuemetsaistutamine\/wp-json\/wp\/v2\/pages\/106\/revisions\/425"}],"wp:attachment":[{"href":"https:\/\/metsauhistu.ee\/uuemetsaistutamine\/wp-json\/wp\/v2\/media?parent=106"}],"curies":[{"name":"wp","href":"https:\/\/api.w.org\/{rel}","templated":true}]}}